{"id":241,"date":"2017-02-24T20:41:41","date_gmt":"2017-02-24T19:41:41","guid":{"rendered":"http:\/\/ponyschule-steinbach.de\/wordpress\/?page_id=241"},"modified":"2021-11-02T14:09:49","modified_gmt":"2021-11-02T13:09:49","slug":"angebote-und-preise","status":"publish","type":"page","link":"https:\/\/www.ponyschule-steinbach.de\/index.php\/angebote-und-preise\/","title":{"rendered":"Angebote und Preise"},"content":{"rendered":"\n<p>Preise g\u00fcltig ab 2022<\/p>\n\n\n\n<h2 class=\"wp-block-heading\">Angebote:<\/h2>\n\n\n<div class=\"items-leading clearfix\">\n<div class=\"leading-0\">\n<h5 align=\"RIGHT\"><img loading=\"lazy\" decoding=\"async\" class=\"alignleft\" src=\"https:\/\/www.ponyschule-steinbach.de\/wp-content\/uploads\/2020\/11\/zeich-2_graues_Pferd.jpg\" width=\"147\" height=\"162\"><\/h5>\n<h5 style=\"text-align: left;\" align=\"RIGHT\"><span style=\"color: #ff00ff;\">MuKi-Reiten<\/span><\/h5>\n<p style=\"text-align: left;\" align=\"RIGHT\">F\u00fcr Kinder ab 2Jahren die gemeinsam mit Mama(Begleitung) zum Reiten kommen. Wir treffen uns am Stall und putzen Kn\u00f6pfchen gemeinsam und machen uns dann in den Wald. Helm, Picknick, Buggy, bitte mitbringen.<\/p>\n<p style=\"text-align: left;\" align=\"RIGHT\">Anfrage per Mail.&nbsp; Kosten 10\u20ac bei min. 4 Muki`s<\/p>\n<h5 style=\"text-align: left;\" align=\"RIGHT\"><span style=\"color: #ffff00;\"><a href=\"https:\/\/www.ponyschule-steinbach.de\/index.php\/alle-kurse-und-workshops\/\"><strong>Minikurs:&nbsp;<\/strong><\/a><strong>F\u00fcr Kinder die in den Kindergarten gehen<\/strong><\/span><strong> <br><\/strong><\/h5>\n<p style=\"text-align: left;\">F\u00fcr Kinder von 3 bis 5\/6Jahren. Behutsames, kindgerechtes Heranf\u00fchren an diese \u201egro\u00dfen Tiere\u201c im Rahmen einer Spielgruppe, psychomotorische Erlebnisse mit und auf dem Pony.<br>1 Stunde pro Woche: 12\u20ac<\/p>\n<p style=\"text-align: left;\" align=\"RIGHT\">\n<\/p><\/div>\n<\/div>\n<div class=\"items-row cols-1 row-0 row-fluid clearfix\">\n<div class=\"span12\">\n<div class=\"item column-1\">\n<h5 style=\"text-align: left;\" align=\"LEFT\"><strong><span style=\"color: #ff9900;\"><a href=\"https:\/\/www.ponyschule-steinbach.de\/index.php\/alle-kurse-und-workshops\/\">Maxikurs: <\/a>F\u00fcr Kinder im 1+2 Schuljahr (auch Vorklassenkinder)<\/span><br><\/strong><\/h5>\n<p>F\u00fcr Kinder von 6 bis 9 Jahren, Ponys pflegen, sicher und selbst vertraut mit ihnen umgehen lernen. Sitzschule, F\u00f6rderung der gesunden, aufrechten K\u00f6rperhaltung, selbstst\u00e4ndiges Arbeiten am Pferd,F\u00fchren \u00fcben.<br>1 Stunde pro Woche: 12\u20ac&nbsp;&nbsp;&nbsp;&nbsp; 1,5 Std.&nbsp;&nbsp; pro Woche: 18\u20ac<\/p>\n<p align=\"LEFT\">\n<\/p><\/div>\n<\/div>\n<\/div>\n<div class=\"items-row cols-1 row-1 row-fluid clearfix\">\n<div class=\"span12\">\n<div class=\"item column-1\">\n<h5 style=\"text-align: left;\" align=\"RIGHT\"><strong><span style=\"color: #0000ff;\">Maxi Plus: F\u00fcr Kinder im&nbsp; 3+4 Schuljahr<\/span><img loading=\"lazy\" decoding=\"async\" class=\"alignright\" src=\"https:\/\/www.ponyschule-steinbach.de\/wp-content\/uploads\/2020\/11\/zeich-2_braunes_Pferd.jpg\" width=\"174\" height=\"174\"><br><\/strong><\/h5>\n<p>F\u00fcr Kinder von 8\/9 bis 10\/11Jahren, Selbstst\u00e4ndig die Pferde pflegen, sicher mit ihnen umgehen, mehr Verantwortung \u00fcbernehmen. Sitzschule, aufrechte K\u00f6rperhaltung und selbstst\u00e4ndig Reiten.<br>1,5 Stunden pro Woche :18\u20ac<\/p>\n<h5><span style=\"color: #99cc00;\"><strong>Junior: F\u00fcr Kinder ab 10 Jahren<\/strong><\/span><\/h5>\n<p>F\u00fcr Kinder die aus der Ponyschule entwachsen sind und nun weiter Reiten lernen m\u00f6chten. Es wird das Wissen aus den PS-Gruppen vorausgesetzt, aber auch weiter regelm\u00e4\u00dfig ge\u00fcbt.&nbsp; Reithilfen verfeinern, Sitz verbessern, genaues Reiten.&nbsp; 3-4 Kinder&nbsp; in einer Gruppe&nbsp;&nbsp;&nbsp;&nbsp;&nbsp;&nbsp;&nbsp; Alle Pl\u00e4tze belegt.<\/p>\n<p>Ab dem Alter von ca 9\/10 Jahren ist es sinvoll Reitstunden zubesuchen, wo das Augenmerk auf dem selbstst\u00e4ndigen Reiten liegt.&nbsp;<\/p>\n<p>1.Stunde&nbsp; 20\u20ac&nbsp;&nbsp;&nbsp;&nbsp;&nbsp;&nbsp; Keine Pl\u00e4tze frei<\/p>\n<h5><span style=\"color: #800080;\"><strong>Ponyzeit&nbsp; <br><\/strong><\/span><\/h5>\n<p>Du hast die M\u00f6glichkeit, eine Zeit mit einem Pony\/Pferd zu verbringen. <br>Das ist besonders gut, wenn du unsicher bist und Vertrauen fassen m\u00f6chtest. Oder wenn du lieber alleine Reiten willst, ohne das andere Kinder dabei sind. In den ersten 15 Min. habe<span class=\"text_exposed_show\">n wir Zeit das Pony zu putzen und bereiten es gemeinsam auf das Reiten vor. Danach machen wir einen Ritt in den Steinbacher Wald.<br>F\u00fcr Kinder zwischen 3-9 Jahren<br>F\u00fcr einen Termin schreiben, Sie mich gerne an! becca@ponyschule-steinbach.de<\/span><\/p>\n<div class=\"text_exposed_show\">\n<p>Los gehts: je 30 Minuten Kosten: 15 Euro<\/p>\n<p><\/p>\n<\/div>\n<p align=\"RIGHT\">\n<\/p><\/div>\n<\/div>\n<\/div>\n<div class=\"items-row cols-1 row-2 row-fluid clearfix\" style=\"text-align: left;\">\n<div class=\"span12\">\n<div class=\"item column-1\">\n<h5 align=\"LEFT\"><span style=\"color: #33cccc;\"><strong>Kindergeburtstag: <\/strong><\/span><\/h5>\n<h5 align=\"LEFT\"><span style=\"color: #33cccc;\"><strong>Dieses Jahr werden keine Geburtstage angeboten<br><\/strong><\/span><\/h5>\n<p>F\u00fcr max. 10 Kinder die zu uns in den Stall kommen. Individuell buchbar, Eltern besorgen die Verpflegung und wir machen das <strong>komplette<\/strong> Programm, mit tollen Spielen um und mit unsren Ponys.&nbsp; <strong>Nur in den warmen und trockenen Zeiten des Jahres.&nbsp;<\/strong><span class=\"schrift_klein\"> Wer einen Geburtstag bei uns bucht, bekommt tolle Einladungen zum ausdrucken, kostenlos als PDF zugeschickt. Die k\u00f6nnt ihr euch dann ausdrucken und los gehts.<\/span><br>Kosten <span class=\"schrift_klein\">Max. 10 Kinder, 2 Stunden, ohne Verpflegung, mit Ponyreiten: <\/span>120\u20ac<\/p>\n<p><\/p>\n<\/div>\n<h5 align=\"LEFT\"><a href=\"https:\/\/www.ponyschule-steinbach.de\/index.php\/workshops\/\"><strong>Workshops:&nbsp;<\/strong><\/a><\/h5>\n<p>leider keine Workshops dieses Jahr<\/p>\n<p>Zu den Workshops sind auch alle Kinder herzlich willkommen, die keine M\u00f6glichkeit haben die Ponyschule zu besuchen. Die Anmeldung ist nur g\u00fcltig bei online Anmeldung. Teilnehmergr\u00f6\u00dfe 8 Kinder pro Workshop.<\/p>\n<p>Bei allen Workshops ist der Rahmen gleich. Die Kinder erlernen wie man ein toller Ponyfreund wird. Sie lernen das Putzzeug kennen und anwenden, und \u00fcben sanft und sicher aufzusteigen, ohne dem Pony weh zu tun.<\/p>\n<\/div>\n<div class=\"items-row cols-1 row-2 row-fluid clearfix\" style=\"text-align: left;\">Bitte mitbringen:<br>Wettergerechte Kleidung, feste Schuhe<br>Reit- oder Fahrradhelm, ein kleines Picknick mit Getr\u00e4nk, ggf. Kost\u00fcm<\/div>\n<\/div>\n<div>&nbsp;<\/div>\n<h5><strong><span style=\"color: #993366;\">Kindergruppen<\/span><\/strong><\/h5>\n<div>Wir bieten f\u00fcr Kinderg\u00e4rten oder Grundschulen&nbsp; ein Ponyerlebnis an. F\u00fcr Kindergruppe bis max. 10 Kindern.&nbsp; Keine Termine m\u00f6glich<\/div>\n<div>&nbsp;<\/div>","protected":false},"excerpt":{"rendered":"<p>Preise g\u00fcltig ab 2022 Angebote: MuKi-Reiten F\u00fcr Kinder ab 2Jahren die gemeinsam mit Mama(Begleitung) zum Reiten kommen. Wir treffen uns am Stall und putzen Kn\u00f6pfchen gemeinsam und machen uns dann in den Wald. Helm, Picknick, Buggy, bitte mitbringen. Anfrage per Mail.&nbsp; Kosten 10\u20ac bei min. 4 Muki`s Minikurs:&nbsp;F\u00fcr Kinder die in den Kindergarten gehen F\u00fcr &hellip; <a href=\"https:\/\/www.ponyschule-steinbach.de\/index.php\/angebote-und-preise\/\" class=\"more-link\"><span class=\"screen-reader-text\">&#8222;Angebote und Preise&#8220; <\/span>weiterlesen<\/a><\/p>\n","protected":false},"author":2,"featured_media":0,"parent":0,"menu_order":0,"comment_status":"closed","ping_status":"closed","template":"","meta":{"footnotes":""},"class_list":["post-241","page","type-page","status-publish","hentry"],"yoast_head":"<!-- This site is optimized with the Yoast SEO plugin v23.8 - https:\/\/yoast.com\/wordpress\/plugins\/seo\/ -->\n<title>Angebote und Preise - TEAM PONYSCHULE - STEINBACH<\/title>\n<meta name=\"robots\" content=\"index, follow, max-snippet:-1, max-image-preview:large, max-video-preview:-1\" \/>\n<link rel=\"canonical\" href=\"https:\/\/www.ponyschule-steinbach.de\/index.php\/angebote-und-preise\/\" \/>\n<meta property=\"og:locale\" content=\"de_DE\" \/>\n<meta property=\"og:type\" content=\"article\" \/>\n<meta property=\"og:title\" content=\"Angebote und Preise - TEAM PONYSCHULE - STEINBACH\" \/>\n<meta property=\"og:description\" content=\"Preise g\u00fcltig ab 2022 Angebote: MuKi-Reiten F\u00fcr Kinder ab 2Jahren die gemeinsam mit Mama(Begleitung) zum Reiten kommen. Wir treffen uns am Stall und putzen Kn\u00f6pfchen gemeinsam und machen uns dann in den Wald. Helm, Picknick, Buggy, bitte mitbringen. Anfrage per Mail.&nbsp; Kosten 10\u20ac bei min. 4 Muki`s Minikurs:&nbsp;F\u00fcr Kinder die in den Kindergarten gehen F\u00fcr &hellip; &#8222;Angebote und Preise&#8220; weiterlesen\" \/>\n<meta property=\"og:url\" content=\"https:\/\/www.ponyschule-steinbach.de\/index.php\/angebote-und-preise\/\" \/>\n<meta property=\"og:site_name\" content=\"TEAM PONYSCHULE - STEINBACH\" \/>\n<meta property=\"article:modified_time\" content=\"2021-11-02T13:09:49+00:00\" \/>\n<meta property=\"og:image\" content=\"https:\/\/www.ponyschule-steinbach.de\/wp-content\/uploads\/2020\/11\/zeich-2_graues_Pferd.jpg\" \/>\n<meta name=\"twitter:card\" content=\"summary_large_image\" \/>\n<meta name=\"twitter:label1\" content=\"Gesch\u00e4tzte Lesezeit\" \/>\n\t<meta name=\"twitter:data1\" content=\"3\u00a0Minuten\" \/>\n<script type=\"application\/ld+json\" class=\"yoast-schema-graph\">{\"@context\":\"https:\/\/schema.org\",\"@graph\":[{\"@type\":\"WebPage\",\"@id\":\"https:\/\/www.ponyschule-steinbach.de\/index.php\/angebote-und-preise\/\",\"url\":\"https:\/\/www.ponyschule-steinbach.de\/index.php\/angebote-und-preise\/\",\"name\":\"Angebote und Preise - TEAM PONYSCHULE - STEINBACH\",\"isPartOf\":{\"@id\":\"https:\/\/www.ponyschule-steinbach.de\/#website\"},\"primaryImageOfPage\":{\"@id\":\"https:\/\/www.ponyschule-steinbach.de\/index.php\/angebote-und-preise\/#primaryimage\"},\"image\":{\"@id\":\"https:\/\/www.ponyschule-steinbach.de\/index.php\/angebote-und-preise\/#primaryimage\"},\"thumbnailUrl\":\"https:\/\/www.ponyschule-steinbach.de\/wp-content\/uploads\/2020\/11\/zeich-2_graues_Pferd.jpg\",\"datePublished\":\"2017-02-24T19:41:41+00:00\",\"dateModified\":\"2021-11-02T13:09:49+00:00\",\"breadcrumb\":{\"@id\":\"https:\/\/www.ponyschule-steinbach.de\/index.php\/angebote-und-preise\/#breadcrumb\"},\"inLanguage\":\"de\",\"potentialAction\":[{\"@type\":\"ReadAction\",\"target\":[\"https:\/\/www.ponyschule-steinbach.de\/index.php\/angebote-und-preise\/\"]}]},{\"@type\":\"ImageObject\",\"inLanguage\":\"de\",\"@id\":\"https:\/\/www.ponyschule-steinbach.de\/index.php\/angebote-und-preise\/#primaryimage\",\"url\":\"https:\/\/www.ponyschule-steinbach.de\/wp-content\/uploads\/2020\/11\/zeich-2_graues_Pferd.jpg\",\"contentUrl\":\"https:\/\/www.ponyschule-steinbach.de\/wp-content\/uploads\/2020\/11\/zeich-2_graues_Pferd.jpg\",\"width\":1325,\"height\":1460},{\"@type\":\"BreadcrumbList\",\"@id\":\"https:\/\/www.ponyschule-steinbach.de\/index.php\/angebote-und-preise\/#breadcrumb\",\"itemListElement\":[{\"@type\":\"ListItem\",\"position\":1,\"name\":\"Startseite\",\"item\":\"https:\/\/www.ponyschule-steinbach.de\/\"},{\"@type\":\"ListItem\",\"position\":2,\"name\":\"Angebote und Preise\"}]},{\"@type\":\"WebSite\",\"@id\":\"https:\/\/www.ponyschule-steinbach.de\/#website\",\"url\":\"https:\/\/www.ponyschule-steinbach.de\/\",\"name\":\"TEAM PONYSCHULE - STEINBACH\",\"description\":\"Tiererlebnisp\u00e4dagogik mit Ponys und Pferden f\u00fcr Kinder ab 2 Jahren\",\"publisher\":{\"@id\":\"https:\/\/www.ponyschule-steinbach.de\/#organization\"},\"potentialAction\":[{\"@type\":\"SearchAction\",\"target\":{\"@type\":\"EntryPoint\",\"urlTemplate\":\"https:\/\/www.ponyschule-steinbach.de\/?s={search_term_string}\"},\"query-input\":{\"@type\":\"PropertyValueSpecification\",\"valueRequired\":true,\"valueName\":\"search_term_string\"}}],\"inLanguage\":\"de\"},{\"@type\":\"Organization\",\"@id\":\"https:\/\/www.ponyschule-steinbach.de\/#organization\",\"name\":\"TEAM PONYSCHULE - STEINBACH\",\"url\":\"https:\/\/www.ponyschule-steinbach.de\/\",\"logo\":{\"@type\":\"ImageObject\",\"inLanguage\":\"de\",\"@id\":\"https:\/\/www.ponyschule-steinbach.de\/#\/schema\/logo\/image\/\",\"url\":\"https:\/\/www.ponyschule-steinbach.de\/wp-content\/uploads\/2020\/11\/cropped-TeamPonySchule-Steinbach_Logo-2.png\",\"contentUrl\":\"https:\/\/www.ponyschule-steinbach.de\/wp-content\/uploads\/2020\/11\/cropped-TeamPonySchule-Steinbach_Logo-2.png\",\"width\":240,\"height\":247,\"caption\":\"TEAM       PONYSCHULE    -   STEINBACH\"},\"image\":{\"@id\":\"https:\/\/www.ponyschule-steinbach.de\/#\/schema\/logo\/image\/\"}}]}<\/script>\n<!-- \/ Yoast SEO plugin. -->","yoast_head_json":{"title":"Angebote und Preise - TEAM PONYSCHULE - STEINBACH","robots":{"index":"index","follow":"follow","max-snippet":"max-snippet:-1","max-image-preview":"max-image-preview:large","max-video-preview":"max-video-preview:-1"},"canonical":"https:\/\/www.ponyschule-steinbach.de\/index.php\/angebote-und-preise\/","og_locale":"de_DE","og_type":"article","og_title":"Angebote und Preise - TEAM PONYSCHULE - STEINBACH","og_description":"Preise g\u00fcltig ab 2022 Angebote: MuKi-Reiten F\u00fcr Kinder ab 2Jahren die gemeinsam mit Mama(Begleitung) zum Reiten kommen. Wir treffen uns am Stall und putzen Kn\u00f6pfchen gemeinsam und machen uns dann in den Wald. Helm, Picknick, Buggy, bitte mitbringen. Anfrage per Mail.&nbsp; Kosten 10\u20ac bei min. 4 Muki`s Minikurs:&nbsp;F\u00fcr Kinder die in den Kindergarten gehen F\u00fcr &hellip; &#8222;Angebote und Preise&#8220; weiterlesen","og_url":"https:\/\/www.ponyschule-steinbach.de\/index.php\/angebote-und-preise\/","og_site_name":"TEAM PONYSCHULE - STEINBACH","article_modified_time":"2021-11-02T13:09:49+00:00","og_image":[{"url":"https:\/\/www.ponyschule-steinbach.de\/wp-content\/uploads\/2020\/11\/zeich-2_graues_Pferd.jpg"}],"twitter_card":"summary_large_image","twitter_misc":{"Gesch\u00e4tzte Lesezeit":"3\u00a0Minuten"},"schema":{"@context":"https:\/\/schema.org","@graph":[{"@type":"WebPage","@id":"https:\/\/www.ponyschule-steinbach.de\/index.php\/angebote-und-preise\/","url":"https:\/\/www.ponyschule-steinbach.de\/index.php\/angebote-und-preise\/","name":"Angebote und Preise - TEAM PONYSCHULE - STEINBACH","isPartOf":{"@id":"https:\/\/www.ponyschule-steinbach.de\/#website"},"primaryImageOfPage":{"@id":"https:\/\/www.ponyschule-steinbach.de\/index.php\/angebote-und-preise\/#primaryimage"},"image":{"@id":"https:\/\/www.ponyschule-steinbach.de\/index.php\/angebote-und-preise\/#primaryimage"},"thumbnailUrl":"https:\/\/www.ponyschule-steinbach.de\/wp-content\/uploads\/2020\/11\/zeich-2_graues_Pferd.jpg","datePublished":"2017-02-24T19:41:41+00:00","dateModified":"2021-11-02T13:09:49+00:00","breadcrumb":{"@id":"https:\/\/www.ponyschule-steinbach.de\/index.php\/angebote-und-preise\/#breadcrumb"},"inLanguage":"de","potentialAction":[{"@type":"ReadAction","target":["https:\/\/www.ponyschule-steinbach.de\/index.php\/angebote-und-preise\/"]}]},{"@type":"ImageObject","inLanguage":"de","@id":"https:\/\/www.ponyschule-steinbach.de\/index.php\/angebote-und-preise\/#primaryimage","url":"https:\/\/www.ponyschule-steinbach.de\/wp-content\/uploads\/2020\/11\/zeich-2_graues_Pferd.jpg","contentUrl":"https:\/\/www.ponyschule-steinbach.de\/wp-content\/uploads\/2020\/11\/zeich-2_graues_Pferd.jpg","width":1325,"height":1460},{"@type":"BreadcrumbList","@id":"https:\/\/www.ponyschule-steinbach.de\/index.php\/angebote-und-preise\/#breadcrumb","itemListElement":[{"@type":"ListItem","position":1,"name":"Startseite","item":"https:\/\/www.ponyschule-steinbach.de\/"},{"@type":"ListItem","position":2,"name":"Angebote und Preise"}]},{"@type":"WebSite","@id":"https:\/\/www.ponyschule-steinbach.de\/#website","url":"https:\/\/www.ponyschule-steinbach.de\/","name":"TEAM PONYSCHULE - STEINBACH","description":"Tiererlebnisp\u00e4dagogik mit Ponys und Pferden f\u00fcr Kinder ab 2 Jahren","publisher":{"@id":"https:\/\/www.ponyschule-steinbach.de\/#organization"},"potentialAction":[{"@type":"SearchAction","target":{"@type":"EntryPoint","urlTemplate":"https:\/\/www.ponyschule-steinbach.de\/?s={search_term_string}"},"query-input":{"@type":"PropertyValueSpecification","valueRequired":true,"valueName":"search_term_string"}}],"inLanguage":"de"},{"@type":"Organization","@id":"https:\/\/www.ponyschule-steinbach.de\/#organization","name":"TEAM PONYSCHULE - STEINBACH","url":"https:\/\/www.ponyschule-steinbach.de\/","logo":{"@type":"ImageObject","inLanguage":"de","@id":"https:\/\/www.ponyschule-steinbach.de\/#\/schema\/logo\/image\/","url":"https:\/\/www.ponyschule-steinbach.de\/wp-content\/uploads\/2020\/11\/cropped-TeamPonySchule-Steinbach_Logo-2.png","contentUrl":"https:\/\/www.ponyschule-steinbach.de\/wp-content\/uploads\/2020\/11\/cropped-TeamPonySchule-Steinbach_Logo-2.png","width":240,"height":247,"caption":"TEAM       PONYSCHULE    -   STEINBACH"},"image":{"@id":"https:\/\/www.ponyschule-steinbach.de\/#\/schema\/logo\/image\/"}}]}},"_links":{"self":[{"href":"https:\/\/www.ponyschule-steinbach.de\/index.php\/wp-json\/wp\/v2\/pages\/241"}],"collection":[{"href":"https:\/\/www.ponyschule-steinbach.de\/index.php\/wp-json\/wp\/v2\/pages"}],"about":[{"href":"https:\/\/www.ponyschule-steinbach.de\/index.php\/wp-json\/wp\/v2\/types\/page"}],"author":[{"embeddable":true,"href":"https:\/\/www.ponyschule-steinbach.de\/index.php\/wp-json\/wp\/v2\/users\/2"}],"replies":[{"embeddable":true,"href":"https:\/\/www.ponyschule-steinbach.de\/index.php\/wp-json\/wp\/v2\/comments?post=241"}],"version-history":[{"count":7,"href":"https:\/\/www.ponyschule-steinbach.de\/index.php\/wp-json\/wp\/v2\/pages\/241\/revisions"}],"predecessor-version":[{"id":2809,"href":"https:\/\/www.ponyschule-steinbach.de\/index.php\/wp-json\/wp\/v2\/pages\/241\/revisions\/2809"}],"wp:attachment":[{"href":"https:\/\/www.ponyschule-steinbach.de\/index.php\/wp-json\/wp\/v2\/media?parent=241"}],"curies":[{"name":"wp","href":"https:\/\/api.w.org\/{rel}","templated":true}]}}